{"id":59,"date":"2013-02-12T00:41:34","date_gmt":"2013-02-12T00:41:34","guid":{"rendered":"http:\/\/inspanamericano.edu.mx\/villaflores\/?page_id=59"},"modified":"2017-11-08T05:38:00","modified_gmt":"2017-11-08T05:38:00","slug":"secundaria","status":"publish","type":"page","link":"https:\/\/inspanamericano.edu.mx\/villaflores\/oferta-educativa\/secundaria\/","title":{"rendered":"Secundaria"},"content":{"rendered":"<p style=\"text-align: center;\"><span style=\"font-family: helvetica; font-size: xx-large; color: #333333;\"><b>&#8212; SECUNDARIA &#8212;<\/b><\/span><\/p>\n<p style=\"text-align: justify;\"><span style=\"font-family: helvetica; color: #333333; font-size: medium;\">Esta modalidad lo ofrece el instituto Tecnol\u00f3gico Panamericano\u00a0 \u00a0campus villaflores, incorporado a la\u00a0 \u201cSEP\u201d\u00a0 Secretaria de Educaci\u00f3n p\u00fablica y\u00a0 Subsecretaria de Educaci\u00f3n Estatal y Direcci\u00f3n de Fortalecimiento Educativo Departamento de Educaci\u00f3n para el trabajo y adultos\u00a0 con clave\u00a0 de Certificaci\u00f3n <strong>07EBA0021Z<\/strong> este espacio est\u00e1 dirigida para personas de 15 a\u00f1os en adelante, que en su momento no pudieron llegar a sus estudios escolarizados. La <b>educaci\u00f3n secundaria<\/b> (tambi\u00e9n llamada <b>escuela media<\/b>) tiene como objetivo capacitar al alumno para poder iniciar estudios de educaci\u00f3n media superior. Al terminar la educaci\u00f3n secundaria se pretende que el alumno desarrolle las suficientes habilidades, valores y actitudes para lograr un buen desenvolvimiento en la sociedad.<\/span><\/p>\n<p style=\"text-align: justify;\"><span style=\"font-family: helvetica; color: #333333; font-size: medium;\">El estudiante en el transcurso de su formaci\u00f3n y preparaci\u00f3n intelectual debe de tener el conocimiento b\u00e1sico en el uso de la tecnolog\u00eda. La tecnolog\u00eda debe de ser para el estudiante egresado como una herramienta para acceder, analizar y aplicar la informaci\u00f3n. \u00c9sta herramienta le permitir\u00e1 al estudiante tener \u00e9xito en el nivel medio superior, el estudiante debe de estar en un aprendizaje continuo para poder ir actualizando sus conocimientos e ir innovando sus destrezas.<\/span><\/p>\n<p style=\"text-align: justify;\"><span style=\"font-family: helvetica; color: #333333; font-size: medium;\">Esta modalidad es semiescolarizada y consta de un total de seis materias, los periodos son semestrales equivalentes a un grado escolar. Al mismo tiempo tambi\u00e9n termina una carrera t\u00e9cnica en computaci\u00f3n (t\u00e9cnico en inform\u00e1tica y dise\u00f1o y\/o t\u00e9cnico en sistemas computacionales.<\/span><\/p>\n<p style=\"text-align: justify;\"><span style=\"font-family: helvetica; color: #333333; font-size: large;\"><strong>Edades para ingresar a la secundaria:<\/strong><\/span><\/p>\n<p style=\"text-align: justify;\"><span style=\"font-family: helvetica; color: #333333; font-size: medium;\"><strong>1\u00b0 Grado:<\/strong>\u00a0 13 a\u00f1os y 6 meses\u00a0 \/ \u00a0 <strong>2\u00b0 Grado:<\/strong> 14 a\u00f1os Cumplidos.<\/span><\/p>\n<p style=\"text-align: justify;\"><span style=\"font-family: helvetica; color: #333333; font-size: medium;\"><strong>3\u00b0\u00a0 Grado:<\/strong> 14 a\u00f1os y\u00a0 6 meses\u00a0 \u00f3 15 a\u00f1os en adelante.<\/span><\/p>\n<p style=\"text-align: justify;\"><span style=\"font-family: helvetica; color: #333333; font-size: medium;\"><b><span style=\"font-size: large;\">Requisitos de Inscripci\u00f3n:<\/span><br \/>\n<\/b><\/span><\/p>\n<p style=\"text-align: justify;\"><span style=\"font-family: helvetica; color: #333333; font-size: medium;\"><b>1\u00ba GRADO.-<\/b><\/span><\/p>\n<p style=\"text-align: justify;\"><span style=\"font-family: helvetica; color: #333333; font-size: medium;\">&#8212; Acta de nacimiento<\/span><\/p>\n<p style=\"text-align: justify;\"><span style=\"font-family: helvetica; color: #333333; font-size: medium;\">&#8212; Certificado de primaria<\/span><\/p>\n<p style=\"text-align: justify;\"><span style=\"font-family: helvetica; color: #333333; font-size: medium;\">&#8212; Curp<\/span><\/p>\n<p style=\"text-align: justify;\"><span style=\"font-family: helvetica; color: #333333; font-size: medium;\"><b>2\u00ba GRADO.-<\/b><\/span><\/p>\n<p style=\"text-align: justify;\"><span style=\"font-family: helvetica; color: #333333; font-size: medium;\">&#8212; Acta de nacimiento<\/span><\/p>\n<p style=\"text-align: justify;\"><span style=\"font-family: helvetica; color: #333333; font-size: medium;\">&#8212; Certificado de primaria<\/span><\/p>\n<p style=\"text-align: justify;\"><span style=\"font-family: helvetica; color: #333333; font-size: medium;\">&#8212; Curp<\/span><\/p>\n<p style=\"text-align: justify;\"><span style=\"font-family: helvetica; color: #333333; font-size: medium;\">&#8212; Boleta de primer grado de secundaria<\/span><\/p>\n<p style=\"text-align: justify;\"><span style=\"font-family: helvetica; color: #333333; font-size: medium;\">&#8212; Constancia de examen de regularizaci\u00f3n (caso de que haya presentado examen en la escuela de origen)<\/span><\/p>\n<p style=\"text-align: justify;\"><span style=\"font-family: helvetica; color: #333333; font-size: medium;\"><b>3\u00ba GRADO.-<br \/>\n<\/b><\/span><\/p>\n<p style=\"text-align: justify;\"><span style=\"font-family: helvetica; color: #333333; font-size: medium;\">&#8212; Acta de nacimiento<\/span><\/p>\n<p style=\"text-align: justify;\"><span style=\"font-family: helvetica; color: #333333; font-size: medium;\">&#8212; Certificado de primaria<\/span><\/p>\n<p style=\"text-align: justify;\"><span style=\"font-family: helvetica; color: #333333; font-size: medium;\">&#8212; Curp<\/span><\/p>\n<p style=\"text-align: justify;\"><span style=\"font-family: helvetica; color: #333333; font-size: medium;\">&#8212; Boleta de primero y segundo grado de secundaria<br \/>\n<\/span><\/p>\n<p style=\"text-align: justify;\"><span style=\"font-family: helvetica; color: #333333; font-size: medium;\">&#8212; Constancia de examen de regularizaci\u00f3n (Caso que haya presentado examen en la escuela de origen)<\/span><\/p>\n<p style=\"text-align: justify;\"><span style=\"font-family: helvetica; color: #333333; font-size: medium;\"><b>PARA TODOS LOS GRADOS.-<\/b><\/span><\/p>\n<p style=\"text-align: justify;\"><span style=\"font-family: helvetica; color: #333333; font-size: medium;\">Carta compromiso (En caso de que falte alguna documentaci\u00f3n)<\/span><\/p>\n<p style=\"text-align: justify;\"><span style=\"font-family: helvetica; color: #333333; font-size: medium;\">1.- Para los extranjeros formato fm3, si es menor de edad presentar el formato del tutor<\/span><\/p>\n<p style=\"text-align: justify;\"><span style=\"font-family: helvetica; color: #333333; font-size: medium;\">2.- Resoluci\u00f3n de revalidaci\u00f3n (documento que se tramita en la subsecretaria de de planeaci\u00f3n educativa)<\/span><\/p>\n<p style=\"text-align: justify;\"><span style=\"font-family: helvetica; color: #333333; font-size: large;\"><b>Horarios de clase:<\/b><\/span><\/p>\n<p style=\"text-align: justify;\"><span style=\"font-family: helvetica; color: #333333; font-size: medium;\">Lunes a viernes:<br \/>\n<\/span><\/p>\n<p style=\"text-align: justify;\"><span style=\"font-family: helvetica; color: #333333; font-size: medium;\">3:0 0P.M\u00a0 \u00a0A\u00a0 \u00a06:00 P.M<\/span><\/p>\n<p style=\"text-align: justify;\"><span style=\"font-family: helvetica; color: #333333; font-size: medium;\">Domingos:<\/span><\/p>\n<p style=\"text-align: justify;\"><span style=\"font-family: helvetica; color: #333333; font-size: medium;\">8:00 A.M\u00a0\u00a0 A\u00a0\u00a0 1:30 P.M<\/span><\/p>\n<p style=\"text-align: center;\"><span style=\"font-family: helvetica; font-size: x-large; color: #333333;\"><b>Duraci\u00f3n: A\u00f1o y medio \u00a0 \u00a0\u00a0 Periodo: Semestral<\/b><\/span><\/p>\n<p style=\"text-align: center;\">\n<p style=\"text-align: center;\">\n","protected":false},"excerpt":{"rendered":"<p>&#8212; SECUNDARIA &#8212; Esta modalidad lo ofrece el instituto Tecnol\u00f3gico Panamericano\u00a0 \u00a0campus villaflores, incorporado a la\u00a0 \u201cSEP\u201d\u00a0 Secretaria de Educaci\u00f3n p\u00fablica y\u00a0 Subsecretaria de Educaci\u00f3n Estatal y Direcci\u00f3n de Fortalecimiento Educativo Departamento de Educaci\u00f3n para el trabajo y adultos\u00a0 con clave\u00a0 de Certificaci\u00f3n 07EBA0021Z este espacio est\u00e1 dirigida para personas de 15 a\u00f1os en adelante, [&hellip;]<\/p>\n","protected":false},"author":2,"featured_media":599,"parent":49,"menu_order":2,"comment_status":"open","ping_status":"open","template":"","meta":{"_et_pb_use_builder":"","_et_pb_old_content":"","_et_gb_content_width":"","footnotes":"","_joinchat":[],"_links_to":"","_links_to_target":""},"_links":{"self":[{"href":"https:\/\/inspanamericano.edu.mx\/villaflores\/wp-json\/wp\/v2\/pages\/59"}],"collection":[{"href":"https:\/\/inspanamericano.edu.mx\/villaflores\/wp-json\/wp\/v2\/pages"}],"about":[{"href":"https:\/\/inspanamericano.edu.mx\/villaflores\/wp-json\/wp\/v2\/types\/page"}],"author":[{"embeddable":true,"href":"https:\/\/inspanamericano.edu.mx\/villaflores\/wp-json\/wp\/v2\/users\/2"}],"replies":[{"embeddable":true,"href":"https:\/\/inspanamericano.edu.mx\/villaflores\/wp-json\/wp\/v2\/comments?post=59"}],"version-history":[{"count":4,"href":"https:\/\/inspanamericano.edu.mx\/villaflores\/wp-json\/wp\/v2\/pages\/59\/revisions"}],"predecessor-version":[{"id":1226,"href":"https:\/\/inspanamericano.edu.mx\/villaflores\/wp-json\/wp\/v2\/pages\/59\/revisions\/1226"}],"up":[{"embeddable":true,"href":"https:\/\/inspanamericano.edu.mx\/villaflores\/wp-json\/wp\/v2\/pages\/49"}],"wp:featuredmedia":[{"embeddable":true,"href":"https:\/\/inspanamericano.edu.mx\/villaflores\/wp-json\/wp\/v2\/media\/599"}],"wp:attachment":[{"href":"https:\/\/inspanamericano.edu.mx\/villaflores\/wp-json\/wp\/v2\/media?parent=59"}],"curies":[{"name":"wp","href":"https:\/\/api.w.org\/{rel}","templated":true}]}}

<p style="text-align: center;"><span style="font-family: helvetica; font-size: xx-large; color: #333333;"><b>&#8212; SECUNDARIA &#8212;</b></span></p>
<p style="text-align: justify;"><span style="font-family: helvetica; color: #333333; font-size: medium;">Esta modalidad lo ofrece el instituto Tecnológico Panamericano   campus villaflores, incorporado a la  “SEP”  Secretaria de Educación pública y  Subsecretaria de Educación Estatal y Dirección de Fortalecimiento Educativo Departamento de Educación para el trabajo y adultos  con clave  de Certificación <strong>07EBA0021Z</strong> este espacio está dirigida para personas de 15 años en adelante, que en su momento no pudieron llegar a sus estudios escolarizados. La <b>educación secundaria</b> (también llamada <b>escuela media</b>) tiene como objetivo capacitar al alumno para poder iniciar estudios de educación media superior. Al terminar la educación secundaria se pretende que el alumno desarrolle las suficientes habilidades, valores y actitudes para lograr un buen desenvolvimiento en la sociedad.</span></p>
<p style="text-align: justify;"><span style="font-family: helvetica; color: #333333; font-size: medium;">El estudiante en el transcurso de su formación y preparación intelectual debe de tener el conocimiento básico en el uso de la tecnología. La tecnología debe de ser para el estudiante egresado como una herramienta para acceder, analizar y aplicar la información. Ésta herramienta le permitirá al estudiante tener éxito en el nivel medio superior, el estudiante debe de estar en un aprendizaje continuo para poder ir actualizando sus conocimientos e ir innovando sus destrezas.</span></p>
<p style="text-align: justify;"><span style="font-family: helvetica; color: #333333; font-size: medium;">Esta modalidad es semiescolarizada y consta de un total de seis materias, los periodos son semestrales equivalentes a un grado escolar. Al mismo tiempo también termina una carrera técnica en computación (técnico en informática y diseño y/o técnico en sistemas computacionales.</span></p>
<p style="text-align: justify;"><span style="font-family: helvetica; color: #333333; font-size: large;"><strong>Edades para ingresar a la secundaria:</strong></span></p>
<p style="text-align: justify;"><span style="font-family: helvetica; color: #333333; font-size: medium;"><strong>1° Grado:</strong>  13 años y 6 meses  /   <strong>2° Grado:</strong> 14 años Cumplidos.</span></p>
<p style="text-align: justify;"><span style="font-family: helvetica; color: #333333; font-size: medium;"><strong>3°  Grado:</strong> 14 años y  6 meses  ó 15 años en adelante.</span></p>
<p style="text-align: justify;"><span style="font-family: helvetica; color: #333333; font-size: medium;"><b><span style="font-size: large;">Requisitos de Inscripción:</span><br />
</b></span></p>
<p style="text-align: justify;"><span style="font-family: helvetica; color: #333333; font-size: medium;"><b>1º GRADO.-</b></span></p>
<p style="text-align: justify;"><span style="font-family: helvetica; color: #333333; font-size: medium;">&#8212; Acta de nacimiento</span></p>
<p style="text-align: justify;"><span style="font-family: helvetica; color: #333333; font-size: medium;">&#8212; Certificado de primaria</span></p>
<p style="text-align: justify;"><span style="font-family: helvetica; color: #333333; font-size: medium;">&#8212; Curp</span></p>
<p style="text-align: justify;"><span style="font-family: helvetica; color: #333333; font-size: medium;"><b>2º GRADO.-</b></span></p>
<p style="text-align: justify;"><span style="font-family: helvetica; color: #333333; font-size: medium;">&#8212; Acta de nacimiento</span></p>
<p style="text-align: justify;"><span style="font-family: helvetica; color: #333333; font-size: medium;">&#8212; Certificado de primaria</span></p>
<p style="text-align: justify;"><span style="font-family: helvetica; color: #333333; font-size: medium;">&#8212; Curp</span></p>
<p style="text-align: justify;"><span style="font-family: helvetica; color: #333333; font-size: medium;">&#8212; Boleta de primer grado de secundaria</span></p>
<p style="text-align: justify;"><span style="font-family: helvetica; color: #333333; font-size: medium;">&#8212; Constancia de examen de regularización (caso de que haya presentado examen en la escuela de origen)</span></p>
<p style="text-align: justify;"><span style="font-family: helvetica; color: #333333; font-size: medium;"><b>3º GRADO.-<br />
</b></span></p>
<p style="text-align: justify;"><span style="font-family: helvetica; color: #333333; font-size: medium;">&#8212; Acta de nacimiento</span></p>
<p style="text-align: justify;"><span style="font-family: helvetica; color: #333333; font-size: medium;">&#8212; Certificado de primaria</span></p>
<p style="text-align: justify;"><span style="font-family: helvetica; color: #333333; font-size: medium;">&#8212; Curp</span></p>
<p style="text-align: justify;"><span style="font-family: helvetica; color: #333333; font-size: medium;">&#8212; Boleta de primero y segundo grado de secundaria<br />
</span></p>
<p style="text-align: justify;"><span style="font-family: helvetica; color: #333333; font-size: medium;">&#8212; Constancia de examen de regularización (Caso que haya presentado examen en la escuela de origen)</span></p>
<p style="text-align: justify;"><span style="font-family: helvetica; color: #333333; font-size: medium;"><b>PARA TODOS LOS GRADOS.-</b></span></p>
<p style="text-align: justify;"><span style="font-family: helvetica; color: #333333; font-size: medium;">Carta compromiso (En caso de que falte alguna documentación)</span></p>
<p style="text-align: justify;"><span style="font-family: helvetica; color: #333333; font-size: medium;">1.- Para los extranjeros formato fm3, si es menor de edad presentar el formato del tutor</span></p>
<p style="text-align: justify;"><span style="font-family: helvetica; color: #333333; font-size: medium;">2.- Resolución de revalidación (documento que se tramita en la subsecretaria de de planeación educativa)</span></p>
<p style="text-align: justify;"><span style="font-family: helvetica; color: #333333; font-size: large;"><b>Horarios de clase:</b></span></p>
<p style="text-align: justify;"><span style="font-family: helvetica; color: #333333; font-size: medium;">Lunes a viernes:<br />
</span></p>
<p style="text-align: justify;"><span style="font-family: helvetica; color: #333333; font-size: medium;">3:0 0P.M   A   6:00 P.M</span></p>
<p style="text-align: justify;"><span style="font-family: helvetica; color: #333333; font-size: medium;">Domingos:</span></p>
<p style="text-align: justify;"><span style="font-family: helvetica; color: #333333; font-size: medium;">8:00 A.M   A   1:30 P.M</span></p>
<p style="text-align: center;"><span style="font-family: helvetica; font-size: x-large; color: #333333;"><b>Duración: Año y medio      Periodo: Semestral</b></span></p>
<p style="text-align: center;">
<p style="text-align: center;">

<p>&#8212; SECUNDARIA &#8212; Esta modalidad lo ofrece el instituto Tecnológico Panamericano   campus villaflores, incorporado a la  “SEP”  Secretaria de Educación pública y  Subsecretaria de Educación Estatal y Dirección de Fortalecimiento Educativo Departamento de Educación para el trabajo y adultos  con clave  de Certificación 07EBA0021Z este espacio está dirigida para personas de 15 años en adelante, [&hellip;]</p>
