{"id":57,"date":"2013-02-12T00:41:16","date_gmt":"2013-02-12T00:41:16","guid":{"rendered":"http:\/\/inspanamericano.edu.mx\/villaflores\/?page_id=57"},"modified":"2017-11-08T14:18:24","modified_gmt":"2017-11-08T14:18:24","slug":"primaria","status":"publish","type":"page","link":"https:\/\/inspanamericano.edu.mx\/villaflores\/oferta-educativa\/primaria\/","title":{"rendered":"Primaria"},"content":{"rendered":"<p><span style=\"color: #333333; font-family: tahoma,arial,helvetica,sans-serif; font-size: medium;\">Esta modalidad lo ofrece el instituto Tecnol\u00f3gico Panamericano\u00a0\u00a0 campus villaflores, incorporado a la\u00a0 \u201cSEP\u201d\u00a0 Secretaria de Educaci\u00f3n p\u00fablica y\u00a0 Subsecretaria de Educaci\u00f3n Estatal y Direcci\u00f3n de Fortalecimiento Educativo Departamento de Educaci\u00f3n para el trabajo y adultos\u00a0 con clave\u00a0 de Certificaci\u00f3n 07EBA0021Z, este modelo de educaci\u00f3n est\u00e1 basado en la necesidades y caracter\u00edsticas especiales de la poblaci\u00f3n adulta que se encuentra en rezago. Se busca\u00a0 que desarrollen conocimientos, habilidades, actitudes y valores.<\/span><\/p>\n<p style=\"text-align: justify;\"><span style=\"color: #333333; font-family: tahoma,arial,helvetica,sans-serif; font-size: medium;\">Esta modalidad es semiescolarizada, est\u00e1 conformada por tres niveles, los periodos son semestrales equivalentes a un grado escolar. Consta de 4 materias que son:<\/span><\/p>\n<p style=\"text-align: justify;\"><span style=\"color: #333333; font-family: tahoma,arial,helvetica,sans-serif; font-size: medium;\">&#8212; Espa\u00f1ol<\/span><\/p>\n<p style=\"text-align: justify;\"><span style=\"color: #333333; font-family: tahoma,arial,helvetica,sans-serif; font-size: medium;\">&#8212; Matem\u00e1ticas<\/span><\/p>\n<p style=\"text-align: justify;\"><span style=\"color: #333333; font-family: tahoma,arial,helvetica,sans-serif; font-size: medium;\">&#8212; Ciencias naturales<br \/>\n<\/span><\/p>\n<p style=\"text-align: justify;\"><span style=\"color: #333333; font-family: tahoma,arial,helvetica,sans-serif; font-size: medium;\">&#8212; Ciencias sociales \u00a0\u00a0\u00a0\u00a0\u00a0 <\/span><\/p>\n<p style=\"text-align: justify;\"><span style=\"color: #333333; font-family: tahoma,arial,helvetica,sans-serif; font-size: medium;\"><span style=\"font-size: large;\"><strong>Requisitos de Inscripci\u00f3n:<\/strong><\/span><\/span><\/p>\n<p style=\"text-align: justify;\"><span style=\"color: #333333; font-family: tahoma,arial,helvetica,sans-serif; font-size: medium;\">&#8211; S<\/span><span style=\"color: #333333; font-family: tahoma,arial,helvetica,sans-serif; font-size: medium;\">er mayor de 15 a\u00f1o<\/span><\/p>\n<p style=\"text-align: justify;\"><span style=\"color: #333333; font-family: tahoma,arial,helvetica,sans-serif; font-size: medium;\">&#8211; Acta de nacimiento original o CURP<\/span><\/p>\n<p style=\"text-align: justify;\"><span style=\"color: #333333; font-family: tahoma,arial,helvetica,sans-serif; font-size: medium;\">&#8211; Boletas de calificaciones ( en caso de haber cursado alg\u00fan grado)<\/span><\/p>\n<p>&nbsp;<\/p>\n","protected":false},"excerpt":{"rendered":"<p>Esta modalidad lo ofrece el instituto Tecnol\u00f3gico Panamericano\u00a0\u00a0 campus villaflores, incorporado a la\u00a0 \u201cSEP\u201d\u00a0 Secretaria de Educaci\u00f3n p\u00fablica y\u00a0 Subsecretaria de Educaci\u00f3n Estatal y Direcci\u00f3n de Fortalecimiento Educativo Departamento de Educaci\u00f3n para el trabajo y adultos\u00a0 con clave\u00a0 de Certificaci\u00f3n 07EBA0021Z, este modelo de educaci\u00f3n est\u00e1 basado en la necesidades y caracter\u00edsticas especiales de la [&hellip;]<\/p>\n","protected":false},"author":2,"featured_media":600,"parent":49,"menu_order":0,"comment_status":"open","ping_status":"open","template":"","meta":{"_et_pb_use_builder":"","_et_pb_old_content":"","_et_gb_content_width":"","footnotes":"","_joinchat":[],"_links_to":"","_links_to_target":""},"_links":{"self":[{"href":"https:\/\/inspanamericano.edu.mx\/villaflores\/wp-json\/wp\/v2\/pages\/57"}],"collection":[{"href":"https:\/\/inspanamericano.edu.mx\/villaflores\/wp-json\/wp\/v2\/pages"}],"about":[{"href":"https:\/\/inspanamericano.edu.mx\/villaflores\/wp-json\/wp\/v2\/types\/page"}],"author":[{"embeddable":true,"href":"https:\/\/inspanamericano.edu.mx\/villaflores\/wp-json\/wp\/v2\/users\/2"}],"replies":[{"embeddable":true,"href":"https:\/\/inspanamericano.edu.mx\/villaflores\/wp-json\/wp\/v2\/comments?post=57"}],"version-history":[{"count":4,"href":"https:\/\/inspanamericano.edu.mx\/villaflores\/wp-json\/wp\/v2\/pages\/57\/revisions"}],"predecessor-version":[{"id":629,"href":"https:\/\/inspanamericano.edu.mx\/villaflores\/wp-json\/wp\/v2\/pages\/57\/revisions\/629"}],"up":[{"embeddable":true,"href":"https:\/\/inspanamericano.edu.mx\/villaflores\/wp-json\/wp\/v2\/pages\/49"}],"wp:featuredmedia":[{"embeddable":true,"href":"https:\/\/inspanamericano.edu.mx\/villaflores\/wp-json\/wp\/v2\/media\/600"}],"wp:attachment":[{"href":"https:\/\/inspanamericano.edu.mx\/villaflores\/wp-json\/wp\/v2\/media?parent=57"}],"curies":[{"name":"wp","href":"https:\/\/api.w.org\/{rel}","templated":true}]}}

<p><span style="color: #333333; font-family: tahoma,arial,helvetica,sans-serif; font-size: medium;">Esta modalidad lo ofrece el instituto Tecnológico Panamericano   campus villaflores, incorporado a la  “SEP”  Secretaria de Educación pública y  Subsecretaria de Educación Estatal y Dirección de Fortalecimiento Educativo Departamento de Educación para el trabajo y adultos  con clave  de Certificación 07EBA0021Z, este modelo de educación está basado en la necesidades y características especiales de la población adulta que se encuentra en rezago. Se busca  que desarrollen conocimientos, habilidades, actitudes y valores.</span></p>
<p style="text-align: justify;"><span style="color: #333333; font-family: tahoma,arial,helvetica,sans-serif; font-size: medium;">Esta modalidad es semiescolarizada, está conformada por tres niveles, los periodos son semestrales equivalentes a un grado escolar. Consta de 4 materias que son:</span></p>
<p style="text-align: justify;"><span style="color: #333333; font-family: tahoma,arial,helvetica,sans-serif; font-size: medium;">&#8212; Español</span></p>
<p style="text-align: justify;"><span style="color: #333333; font-family: tahoma,arial,helvetica,sans-serif; font-size: medium;">&#8212; Matemáticas</span></p>
<p style="text-align: justify;"><span style="color: #333333; font-family: tahoma,arial,helvetica,sans-serif; font-size: medium;">&#8212; Ciencias naturales<br />
</span></p>
<p style="text-align: justify;"><span style="color: #333333; font-family: tahoma,arial,helvetica,sans-serif; font-size: medium;">&#8212; Ciencias sociales       </span></p>
<p style="text-align: justify;"><span style="color: #333333; font-family: tahoma,arial,helvetica,sans-serif; font-size: medium;"><span style="font-size: large;"><strong>Requisitos de Inscripción:</strong></span></span></p>
<p style="text-align: justify;"><span style="color: #333333; font-family: tahoma,arial,helvetica,sans-serif; font-size: medium;">&#8211; S</span><span style="color: #333333; font-family: tahoma,arial,helvetica,sans-serif; font-size: medium;">er mayor de 15 año</span></p>
<p style="text-align: justify;"><span style="color: #333333; font-family: tahoma,arial,helvetica,sans-serif; font-size: medium;">&#8211; Acta de nacimiento original o CURP</span></p>
<p style="text-align: justify;"><span style="color: #333333; font-family: tahoma,arial,helvetica,sans-serif; font-size: medium;">&#8211; Boletas de calificaciones ( en caso de haber cursado algún grado)</span></p>
<p>&nbsp;</p>

<p>Esta modalidad lo ofrece el instituto Tecnológico Panamericano   campus villaflores, incorporado a la  “SEP”  Secretaria de Educación pública y  Subsecretaria de Educación Estatal y Dirección de Fortalecimiento Educativo Departamento de Educación para el trabajo y adultos  con clave  de Certificación 07EBA0021Z, este modelo de educación está basado en la necesidades y características especiales de la [&hellip;]</p>
