{"id":119,"date":"2013-02-15T03:27:40","date_gmt":"2013-02-15T03:27:40","guid":{"rendered":"http:\/\/inspanamericano.edu.mx\/villaflores\/?page_id=119"},"modified":"2017-11-08T14:16:36","modified_gmt":"2017-11-08T14:16:36","slug":"informatica-y-diseno","status":"publish","type":"page","link":"https:\/\/inspanamericano.edu.mx\/villaflores\/oferta-educativa\/carreras-tecnicas\/informatica-y-diseno\/","title":{"rendered":"Inform\u00e1tica y Dise\u00f1o"},"content":{"rendered":"<p style=\"text-align: left;\"><span style=\"font-family: helvetica; font-size: medium; color: #333333;\"><b>\u00c1rea: <\/b>Computaci\u00f3n<\/span><\/p>\n<p style=\"text-align: left;\"><span style=\"font-family: helvetica; font-size: medium; color: #333333;\"><b>Especialidad: <\/b>T\u00e9cnico en Inform\u00e1tica y Dise\u00f1o<br \/>\n<\/span><\/p>\n<p style=\"text-align: left;\"><span style=\"font-family: helvetica; font-size: medium; color: #333333;\"><b>Duraci\u00f3n:<\/b>12 Meses<br \/>\n<\/span><\/p>\n<p style=\"text-align: left;\"><span style=\"font-family: helvetica; font-size: medium; color: #333333;\"><b>Periodo:<\/b> Semestral<\/span><\/p>\n<p style=\"text-align: left;\"><span style=\"font-family: helvetica; font-size: medium; color: #333333;\"><b>Requisitos de ingreso:<\/b><\/span><\/p>\n<ul style=\"text-align: center;\">\n<li style=\"text-align: left;\"><span style=\"font-family: helvetica; font-size: medium; color: #333333;\">Tener 15 a\u00f1os o m\u00e1s<\/span><\/li>\n<li style=\"text-align: left;\"><span style=\"font-family: helvetica; font-size: medium; color: #333333;\">Acta de nacimiento<\/span><\/li>\n<li style=\"text-align: left;\"><span style=\"font-family: helvetica; font-size: medium; color: #333333;\">Escolaridad: primaria Terminada<\/span><\/li>\n<\/ul>\n<p>&nbsp;<\/p>\n","protected":false},"excerpt":{"rendered":"<p>\u00c1rea: Computaci\u00f3n Especialidad: T\u00e9cnico en Inform\u00e1tica y Dise\u00f1o Duraci\u00f3n:12 Meses Periodo: Semestral Requisitos de ingreso: Tener 15 a\u00f1os o m\u00e1s Acta de nacimiento Escolaridad: primaria Terminada &nbsp;<\/p>\n","protected":false},"author":2,"featured_media":589,"parent":112,"menu_order":0,"comment_status":"open","ping_status":"open","template":"","meta":{"_et_pb_use_builder":"","_et_pb_old_content":"","_et_gb_content_width":"","footnotes":"","_joinchat":[],"_links_to":"","_links_to_target":""},"_links":{"self":[{"href":"https:\/\/inspanamericano.edu.mx\/villaflores\/wp-json\/wp\/v2\/pages\/119"}],"collection":[{"href":"https:\/\/inspanamericano.edu.mx\/villaflores\/wp-json\/wp\/v2\/pages"}],"about":[{"href":"https:\/\/inspanamericano.edu.mx\/villaflores\/wp-json\/wp\/v2\/types\/page"}],"author":[{"embeddable":true,"href":"https:\/\/inspanamericano.edu.mx\/villaflores\/wp-json\/wp\/v2\/users\/2"}],"replies":[{"embeddable":true,"href":"https:\/\/inspanamericano.edu.mx\/villaflores\/wp-json\/wp\/v2\/comments?post=119"}],"version-history":[{"count":4,"href":"https:\/\/inspanamericano.edu.mx\/villaflores\/wp-json\/wp\/v2\/pages\/119\/revisions"}],"predecessor-version":[{"id":628,"href":"https:\/\/inspanamericano.edu.mx\/villaflores\/wp-json\/wp\/v2\/pages\/119\/revisions\/628"}],"up":[{"embeddable":true,"href":"https:\/\/inspanamericano.edu.mx\/villaflores\/wp-json\/wp\/v2\/pages\/112"}],"wp:featuredmedia":[{"embeddable":true,"href":"https:\/\/inspanamericano.edu.mx\/villaflores\/wp-json\/wp\/v2\/media\/589"}],"wp:attachment":[{"href":"https:\/\/inspanamericano.edu.mx\/villaflores\/wp-json\/wp\/v2\/media?parent=119"}],"curies":[{"name":"wp","href":"https:\/\/api.w.org\/{rel}","templated":true}]}}

Informática y Diseño

<p style="text-align: left;"><span style="font-family: helvetica; font-size: medium; color: #333333;"><b>Área: </b>Computación</span></p>
<p style="text-align: left;"><span style="font-family: helvetica; font-size: medium; color: #333333;"><b>Especialidad: </b>Técnico en Informática y Diseño<br />
</span></p>
<p style="text-align: left;"><span style="font-family: helvetica; font-size: medium; color: #333333;"><b>Duración:</b>12 Meses<br />
</span></p>
<p style="text-align: left;"><span style="font-family: helvetica; font-size: medium; color: #333333;"><b>Periodo:</b> Semestral</span></p>
<p style="text-align: left;"><span style="font-family: helvetica; font-size: medium; color: #333333;"><b>Requisitos de ingreso:</b></span></p>
<ul style="text-align: center;">
<li style="text-align: left;"><span style="font-family: helvetica; font-size: medium; color: #333333;">Tener 15 años o más</span></li>
<li style="text-align: left;"><span style="font-family: helvetica; font-size: medium; color: #333333;">Acta de nacimiento</span></li>
<li style="text-align: left;"><span style="font-family: helvetica; font-size: medium; color: #333333;">Escolaridad: primaria Terminada</span></li>
</ul>
<p>&nbsp;</p>

<p>Área: Computación Especialidad: Técnico en Informática y Diseño Duración:12 Meses Periodo: Semestral Requisitos de ingreso: Tener 15 años o más Acta de nacimiento Escolaridad: primaria Terminada &nbsp;</p>
